-6.
1
What is -6 - ((-7 - (-1 + -2)) + -1)?
-1
What is -2 + 2 + (-6 - 1) + 11?
4
What is 16 + -9 + (-2 - 0)?
5
What is the value of (-13 - -21) + -4 + 1?
5
What is the value of -4 + (-3 - -9 - 4)?
-2
Evaluate 9 + -2 + (-18 - -12).
1
What is 2 + -10 + (6 - 2)?
-4
What is the value of -3 + -1 + 0 + 2?
-2
What is the value of 24 + -21 + 9 - 6?
6
What is 6 - 7 - (-2 - (-6 - -1))?
-4
What is the value of 50 + -56 - (0 + -7)?
1
What is -3 - 2 - (-3 + 1)?
-3
Evaluate 0 + -1 + (0 + -1 - -2).
0
(-1 - 0) + 3 + -7
-5
(2 - 2) + 4 + -4 - -6
6
Evaluate 6 + (-3 - -5 - 7 - -3).
4
Evaluate 1 + 0 + 3 + -5.
-1
(-237 - -240) + (2 - 1 - 5)
-1
What is the value of 0 - (6 + (-2 - 0) + 1)?
-5
Evaluate 4 + -9 + (-2 - -7).
0
Evaluate -2 + -1 - (14 + -10 + -6).
-1
What is the value of 25 + -23 - (8 + -10)?
4
(-5 - -2) + -1 + 9 + 0
5
(-8 - (2 - 7)) + 1 + 1
-1
Calculate -4 + 0 - (3 - (8 - 5)).
-4
What is (3 + 6 + -5 - 5) + 10?
9
Calculate 3 + (3 - (8 + 1)) + 4.
1
(-1 - (-9 + 7)) + 2 + -1
2
-6 + (0 - (-1 - 1))
-4
What is the value of -3 - (-3 - (-6 - -5 - -4))?
3
Calculate 1 + (4 - 5 - 0).
0
What is 0 + (-4 + 13 + -5 - 5)?
-1
What is 2 + -5 + -4 + 7 + -1?
-1
Evaluate 0 - 3 - (3 + (-4 - -2)).
-4
Evaluate 10 - 8 - (-1 - 2).
5
Calculate -3 - (-1 + 2 + 3 + -4).
-3
(0 - (-2 - 1)) + (-8 - -5)
0
What is -5 + 14 - (-2 - -6)?
5
What is the value of 6 - (-3 + -6 - -6) - 3?
6
What is the value of 1 - -1 - (5 - (-3 + 2))?
-4
What is 0 - (-5 + 2 - (0 + -5))?
-2
What is the value of 8 + -8 + 1 + -2 + 3?
2
Calculate -6 + (13 - (5 + 3)).
-1
What is the value of -9 - (-11 - (-3 + 7))?
6
-5 - -4 - 2 - (0 + -3)
0
5 - 8 - -7 - 5
-1
Evaluate -6 + 5 + 0 + 2.
1
What is (-15 - -15) + 0 + 1?
1
What is 1 - 2 - 11 - (515 + -519)?
-8
Calculate (3 - 0) + 6 - (-3 - -7).
5
What is -14 - (-3 + -6) - -4?
-1
What is the value of -2 + (-1 - (-17 - -12))?
2
Evaluate -4 + -2 + (-6 - -7) + 1.
-4
What is the value of 3 - ((1 - -2) + -3) - 0?
3
What is -13 + 0 + (-19 - -25)?
-7
Evaluate 7 - 12 - (0 - 2).
-3
1 + (3 - 7) + 1
-2
1 + -3 + -1 + 7
4
(0 + -2 - 0) + 4 - 0
2
Evaluate (0 + -18 - -10) + 12.
4
What is the value of -55 - -52 - (0 - 8)?
5
What is the value of (0 - 6 - -4) + -2 + 11?
7
3 + -8 - -2 - -13
10
Evaluate (-5 - -1) + 3 + 1 - 0.
0
Evaluate 8 + -8 + 4 - 6.
-2
Evaluate 6 + (-7 + 12 - 9).
2
Evaluate -1 + -6 - (-6 + 2 - 0).
-3
-3 + -3 + 3 - 2
-5
What is (4 - (3 + 0) - -2) + -7?
-4
Evaluate -3 + 8 + 0 + -2 + 5.
8
What is -3 - -1 - 2 - -1 - -2?
-1
Calculate -12 + 9 + 0 - -6.
3
What is the value of (-5 + 8 - 7) + (2 - -2)?
0
Calculate -17 + (7 - 1) - -5.
-6
What is the value of 4 - (8 + -2) - (-3 - -4)?
-3
Evaluate (8 - (-1 + 2)) + -1 - -3.
9
Calculate (7 - -3) + (7 - 13).
4
What is the value of (-5 - (3 + -6) - -3) + 0?
1
What is the value of -6 + (-3 - (6 + -12))?
-3
What is the value of (4 - (21 - 11)) + 3?
-3
What is the value of (15 - 20) + -1 + 3 + 0?
-3
Calculate 0 + 5 + 119 + -132.
-8
Calculate -1 - -5 - (3 + 13 + -9).
-3
What is the value of -3 + (2 - (1 - 1 - -2))?
-3
Evaluate 2 + (3 - 3) + -6.
-4
Calculate 1 - -1 - (-7 - (-7 - 3)).
-1
What is the value of -12 + -1 - -12 - (2 - 8)?
5
-6 - 0 - 0 - (17 - 19)
-4
Calculate 1 - (5 + (5 - 12)).
3
Evaluate 4 + -3 + -2 + -2 + 6.
3
(12 - 8) + -4 - (-1 + 2)
-1
Evaluate -6 - -4 - (-5 + 0).
3
Evaluate -8 - 0 - (27 + -30).
-5
Calculate -6 + 1 + 1 + 6.
2
Evaluate (-5 + 5 - 1) + -3.
-4
What is the value of -6 + (7 - -5) - 5?
1
What is the value of (-6 - -3 - -7) + -5?
-1
What is the value of 2 + -7 + (1 - (-2 + -1))?
-1
What is (6 - 15) + 17 + -14?
-6
What is the value of (-2 + 0 - -3) + 1?
2
What is the value of -4 + 9 + -4 + (-2 - 2)?
-3
Calculate 1 - (2 - (4 + -1)) - 1.
1
What is -166 - -163 - (1 - (-1 + 2))?
-3
What is the value of (-4 - -1) + -10 + 18?
5
-4 + 0 + (1 - (-4 + -3))
4
What is the value of -5 + (-1 - -9) - -2?
5
What is -7 + 16 + -11 - (1 - 1)?
-2
Evaluate 3 + -2 + 4 - 4.
1
-4 + 2 + 2 - -4
4
Calculate -2 + (-1 - (0 + 5)) + 1.
-7
What is (-41 - -11 - -31) + (0 - -6)?
7
What is the value of 10 + -2 + -7 + 3 + 2?
6
74 - 65 - (1 - -11)
-3
What is the value of -1 + 3 + -5 + 7 - -4?
8
What is 0 + -3 + (-8 - -1 - -18)?
8
Calculate 1 + 3 + -2 + 1.
3
Calculate 25 + -14 + 1 + -2 - 6.
4
Evaluate 2 + 1 - (-5 - -8).
0
Evaluate (0 - (5 + -6) - -1) + 0.
2
Evaluate 14 - ((-4 - -3) + 8).
7
What is -15 - (-2 - 6) - -9?
2
Evaluate -3 + (9 - 4) + -2 - 5.
-5
1 + (-1 + 2 - (8 + -4))
-2
What is -9 + 5 + 0 + 1?
-3
4 + -13 + 4 + -3 + 0
-8
0 + (-5 - 2 - -3)
-4
What is the value of (13 - 16) + 0 + -7?
-10
Evaluate 7 - 10 - (-2 - 4).
3
Evaluate 9 + -16 + 0 + 2.
-5
Evaluate -7 - (1 + (0 - 9)).
1
What is the value of (3 - 11) + 11 - (9 + -2)?
-4
What is the value of 37 - (-15 + 47) - (1 + 10)?
-6
Calculate -6 + (5 - 4 - 4).
-9
Calculate -94 + 87 + (13 - 0) - 11.
-5
Calculate 10 + -8 - (7 - 0).
-5
-2 - (6 - 1 - 3)
-4
(8 - 16) + 9 + -3
-2
Evaluate (-2 - 11) + (13 - 7) + 16.
9
Evaluate 11 + (2 + -5 - 3).
5
Evaluate -4 + 2 - (1 - 1 - 6).
4
Calculate -2 + (-2 - (4 - 6)).
-2
What is (-6 - -1) + (1 - -7)?
3
Evaluate -7 + 3 + -3 + 4.
-3
Evaluate 2 + 0 + (-4 - 2).
-4
4 + 7 + -7 - (1 - -1)
2
What is (1 - -1 - 2) + (1 - 3)?
-2
Calculate -7 + 7 + (-1 - -2).
1
Calculate (1 - 0 - (-69 - -80)) + 4.
-6
What is (4 - (-4 + (-1 - -3))) + 0?
6
144 + -145 + (-1 - 7)
-9
Evaluate 0 + 6 - (19 - 12).
-1
Calculate (1 - 0 - 6) + 2 + 3.
0
9 + 2 + -93 + 82
0
What is 2 + -10 + 8 + -2 + -1?
-3
What is -1 + 3 + -2 + -5 - -9?
4
Evaluate (-12 - (-6 - (-1 + 2))) + 13.
8
What is 0 + 2 + 0 + -3 + -2?
-3
What is 1 + -2 + -4 - -3?
-2
Calculate 8 + -10 + 4 + 2.
4
What is the value of -8 - (2 - (8 + -3))?
-5
What is -4 - (4 + -13 + 3)?
2
What is the value of (6 - (1 - 1)) + -7?
-1
Calculate -2 + 4 + -5 + 1.
-2
10 - (5 - (-8 + -2))
-5
Calculate 3 - -4 - (-2 - -6).
3
Evaluate 2 + -1 - (-4 - -3 - 1).
3
(-8 - -4 - -8) + -1
3
Evaluate 4 - (2 + 0 + 0).
2
What is (-7 - 6) + 7 - 1?
-7
What is 3 - 10 - (4 + (9 - 16))?
-4
What is the value of (9 - (6 - 1)) + -8?
-4
What is 3 + 2 - 7 - 2?
-4
Calculate (0 - (-3 + (4 - -1))) + -1.
-3
0 - (-1 - ((-2 - 2) + 1))
-2
What is 6 + -11 + 1 + 11 - 8?
-1
5 + (4 - 8) + 5 + -2
4
4 + (0 - 2) - 0 - 2
0
What is the value of (-7 + 7 + -7 - 1) + 1?
-7
Evaluate -3 + -6 + 14 + -3.
2
1 - 4 - (-9 - -3 - -5)
-2
Calculate -12 + -1 - (-29 + 22).
-6
What is -5 - (-3 - -1) - -1 - 5?
-7
What is the value of -3 + (6 - -1) - 7?
-3
Evaluate (5 - (1 - (1 + -4))) + 1.
2
What is 4 - 8 - -1 - 4?
-7
Evaluate -13 - (13 + -3 + -19).
-4
What is the value of -2 + (1 - 1) - (-26 - -21)?
3
-5 + 0 - (3 + (0 - 6))
-2
What is -2 - (-2 + 2) - (-4 - -2)?
0
1 + -9 + 5 + 4
1
What is -4 - (-9 + 2 + (-5 - -13))?
-5
Evaluate -12 - (-4 - 7) - 8.
-9
What is (2 - 2) + (6 - 7)?
-1
-10 + -1 + 1 + 9
-1
Calculate 4 + -3 + -2 + 2.
1
-8 + 11 + 1 + -4 + -3
-3
Calculate 2 - (9 + 1) - (4 - 6).
-6
Calculate -5 + 2 + (-5 - (-6 - -1)).
-3
Calculate (-7 + 2 + 0 - -1) + 4.
0
Calculate 11 + (6 + -6 - 5) + 1.
7
What is (-9 - (2 - 7)) + 7?
3
Calculate -7 + 7 + 2 - -2.
4
Calculate -8 - (9 - 0) - -8.
-9
Calculate (-1 - 1 - 1) + -1.
-4
What is (-2 - -6) + 12 + -17 + 0?
-1
What is the value of 6 + (-2 - (0 + 3))?
1
What is the value of -6 + 1 + 8 + (-1 - 1)?
1
What is -1 + 5 + (-10 + -3 - -2)?
-7
3 + (-7 - (-1 - 7)) + 4
8
Calculate -3 + -4 + 9 + -4.
-2
-4 - -8 - 3 - 7
-6
Calculate -1 + -1 - (-23 + 20).
1
Evaluate 3 + (0 - 5) + -2.
-4
What is the value of 6 + -5 + (2 + -3 - -1)?
1
Calculate 2 + (-3 - 0) + -1.
-2
2 + -8 + (7 - 3)
-2
Calculate (1 - 2) + 6 + -8.
-3
What is -6 - 0 - (-61 - -54)?
1
Evaluate -5 - (0 + 0) - (19 + -21).
-3
Evaluate -2 + (5 + -2 - (-4 + 4)).
1
(-11 - -4) + 4 + -2
-5
-1 + -2 + 1 + -13 + 13
-2
Calculate -1 + -2 + 0 + (-98 - -102).
1
Calculate -8 - (2 + -6 - -1).
-5
4 + 1 - (15 + -5)
-5
-14 + 11 + -3 - -17
11
5 - 1 - (-12 + 19) - -3
0
What is the value of 1 + -1 - (7 - 12)?
5
4 + (-5 - (-2 + 4))
-3
-6 - (2 + (6 - 12))
-2
1 - 6 - (1 - (-2 - -5))
-3
Calculate -1 + -2 - (1 - (-8 - -14)).
2
Calculate 15 + -4 + -8 - (-2 + 0).
5
Calculate -7 - -9 - (5 - (1 - 2)).
-4
Evaluate 1 + -5 + (5 + 6 - 4).
3
What is -5 - (-12 - (-2 + -9))?
-4
Calculate 4 + -5 + 2 + 10 + -6.
5
What is -3 - 0 - (0 + -15 + 6)?
6
What is -2 - ((-2 - -1) + (-1 - -2))?
-2
Calculate -3 + -1 + (4 - -6) + -6.
0
Calculate (1 - (-11 + 0)) + -7 + 0.
5
What is the value o